{"id":131,"date":"2023-04-03T10:55:33","date_gmt":"2023-04-03T10:55:33","guid":{"rendered":"https:\/\/nububupt.pha.dk\/?page_id=131"},"modified":"2023-04-04T08:48:43","modified_gmt":"2023-04-04T08:48:43","slug":"forumteater-magnuscasen","status":"publish","type":"page","link":"https:\/\/nububupt.pha.dk\/?page_id=131","title":{"rendered":"Forumteater Magnuscasen"},"content":{"rendered":"\t\t<div data-elementor-type=\"wp-page\" data-elementor-id=\"131\" class=\"elementor elementor-131\">\n\t\t\t\t\t\t\t\t\t<section class=\"elementor-section elementor-top-section elementor-element elementor-element-6dfaf8c elementor-section-boxed elementor-section-height-default elementor-section-height-default\" data-id=\"6dfaf8c\" data-element_type=\"section\">\n\t\t\t\t\t\t<div class=\"elementor-container elementor-column-gap-default\">\n\t\t\t\t\t<div class=\"elementor-column elementor-col-100 elementor-top-column elementor-element elementor-element-6ac507f\" data-id=\"6ac507f\" data-element_type=\"column\">\n\t\t\t<div class=\"elementor-widget-wrap elementor-element-populated\">\n\t\t\t\t\t\t\t\t<div class=\"elementor-element elementor-element-c17d81a elementor-widget elementor-widget-heading\" data-id=\"c17d81a\" data-element_type=\"widget\" data-widget_type=\"heading.default\">\n\t\t\t\t<div class=\"elementor-widget-container\">\n\t\t\t<style>\/*! elementor - v3.12.1 - 02-04-2023 *\/\n.elementor-heading-title{padding:0;margin:0;line-height:1}.elementor-widget-heading .elementor-heading-title[class*=elementor-size-]>a{color:inherit;font-size:inherit;line-height:inherit}.elementor-widget-heading .elementor-heading-title.elementor-size-small{font-size:15px}.elementor-widget-heading .elementor-heading-title.elementor-size-medium{font-size:19px}.elementor-widget-heading .elementor-heading-title.elementor-size-large{font-size:29px}.elementor-widget-heading .elementor-heading-title.elementor-size-xl{font-size:39px}.elementor-widget-heading .elementor-heading-title.elementor-size-xxl{font-size:59px}<\/style><h3 class=\"elementor-heading-title elementor-size-default\">Forumteater<\/h3>\t\t<\/div>\n\t\t\t\t<\/div>\n\t\t\t\t<div class=\"elementor-element elementor-element-6e38888 elementor-widget elementor-widget-heading\" data-id=\"6e38888\" data-element_type=\"widget\" data-widget_type=\"heading.default\">\n\t\t\t\t<div class=\"elementor-widget-container\">\n\t\t\t<h4 class=\"elementor-heading-title elementor-size-default\">Grundspil til Magnus-casen - I grundspillet indg\u00e5r f\u00f8lgende roller:<\/h4>\t\t<\/div>\n\t\t\t\t<\/div>\n\t\t\t\t<div class=\"elementor-element elementor-element-2090243 elementor-widget elementor-widget-text-editor\" data-id=\"2090243\" data-element_type=\"widget\" data-widget_type=\"text-editor.default\">\n\t\t\t\t<div class=\"elementor-widget-container\">\n\t\t\t<style>\/*! elementor - v3.12.1 - 02-04-2023 *\/\n.elementor-widget-text-editor.elementor-drop-cap-view-stacked .elementor-drop-cap{background-color:#69727d;color:#fff}.elementor-widget-text-editor.elementor-drop-cap-view-framed .elementor-drop-cap{color:#69727d;border:3px solid;background-color:transparent}.elementor-widget-text-editor:not(.elementor-drop-cap-view-default) .elementor-drop-cap{margin-top:8px}.elementor-widget-text-editor:not(.elementor-drop-cap-view-default) .elementor-drop-cap-letter{width:1em;height:1em}.elementor-widget-text-editor .elementor-drop-cap{float:left;text-align:center;line-height:1;font-size:50px}.elementor-widget-text-editor .elementor-drop-cap-letter{display:inline-block}<\/style>\t\t\t\t<blockquote><p>Sygeplejerske p\u00e5 b\u00f8rneafdelingen<\/p><p>Sagsbehandler fra kommunen<\/p><p>Familiekonsulent<\/p><p>Camilla, mor til Magnus<\/p><\/blockquote>\t\t\t\t\t\t<\/div>\n\t\t\t\t<\/div>\n\t\t\t\t\t<\/div>\n\t\t<\/div>\n\t\t\t\t\t\t\t<\/div>\n\t\t<\/section>\n\t\t\t\t<section class=\"elementor-section elementor-top-section elementor-element elementor-element-561489f elementor-section-boxed elementor-section-height-default elementor-section-height-default\" data-id=\"561489f\" data-element_type=\"section\">\n\t\t\t\t\t\t<div class=\"elementor-container elementor-column-gap-default\">\n\t\t\t\t\t<div class=\"elementor-column elementor-col-100 elementor-top-column elementor-element elementor-element-6d21656\" data-id=\"6d21656\" data-element_type=\"column\">\n\t\t\t<div class=\"elementor-widget-wrap elementor-element-populated\">\n\t\t\t\t\t\t\t\t<div class=\"elementor-element elementor-element-adb1612 elementor-widget elementor-widget-heading\" data-id=\"adb1612\" data-element_type=\"widget\" data-widget_type=\"heading.default\">\n\t\t\t\t<div class=\"elementor-widget-container\">\n\t\t\t<h4 class=\"elementor-heading-title elementor-size-default\">Situation<\/h4>\t\t<\/div>\n\t\t\t\t<\/div>\n\t\t\t\t<div class=\"elementor-element elementor-element-60054b4 elementor-widget elementor-widget-text-editor\" data-id=\"60054b4\" data-element_type=\"widget\" data-widget_type=\"text-editor.default\">\n\t\t\t\t<div class=\"elementor-widget-container\">\n\t\t\t\t\t\t\t<p>Vi er til udskrivningskonference i b\u00f8rneafdelingen p\u00e5 sygehuset. Sygeplejersken, sagsbehandleren, familiekonsulenten og Camilla deltager i konferencen.<\/p>\t\t\t\t\t\t<\/div>\n\t\t\t\t<\/div>\n\t\t\t\t\t<\/div>\n\t\t<\/div>\n\t\t\t\t\t\t\t<\/div>\n\t\t<\/section>\n\t\t\t\t<section class=\"elementor-section elementor-top-section elementor-element elementor-element-e8910f9 elementor-section-boxed elementor-section-height-default elementor-section-height-default\" data-id=\"e8910f9\" data-element_type=\"section\">\n\t\t\t\t\t\t<div class=\"elementor-container elementor-column-gap-default\">\n\t\t\t\t\t<div class=\"elementor-column elementor-col-100 elementor-top-column elementor-element elementor-element-9987fe6\" data-id=\"9987fe6\" data-element_type=\"column\">\n\t\t\t<div class=\"elementor-widget-wrap elementor-element-populated\">\n\t\t\t\t\t\t\t\t<div class=\"elementor-element elementor-element-5b2a105 elementor-widget elementor-widget-heading\" data-id=\"5b2a105\" data-element_type=\"widget\" data-widget_type=\"heading.default\">\n\t\t\t\t<div class=\"elementor-widget-container\">\n\t\t\t<h4 class=\"elementor-heading-title elementor-size-default\">Grundspil<\/h4>\t\t<\/div>\n\t\t\t\t<\/div>\n\t\t\t\t<div class=\"elementor-element elementor-element-7fb09d7 elementor-widget elementor-widget-text-editor\" data-id=\"7fb09d7\" data-element_type=\"widget\" data-widget_type=\"text-editor.default\">\n\t\t\t\t<div class=\"elementor-widget-container\">\n\t\t\t\t\t\t\t<p>Sygeplejersken tager ledelse af m\u00f8det og siger: Velkommen til konferencen. Det er nu vores opgave at finde ud af om du, Camilla, og Magnus skal hjem, eller om vi skal finde andre l\u00f8sninger. Jeg vil derfor gerne have at vi tager en runde hvor vi hver is\u00e6r kommer med vores syn p\u00e5 det, og jeg beder f\u00f8rst dig, Camilla, om at fort\u00e6lle os hvad du gerne vil.<\/p><p>Camilla siger: Jeg vil gerne hjem med Magnus. Min mor har s\u00f8rget for at vi har en lejlighed der hvor hun bor, og hun vil hj\u00e6lpe mig med at passe Magnus. Jeg tr\u00e6nger til at komme hjem og har brug for det.<\/p><p>Sygeplejersken sp\u00f8rger: Ja, og hvad t\u00e6nker du, familiekonsulent?<\/p><p>Familiekonsulenten siger: Jeg st\u00f8tter Camilla i at skulle hjem nu. Hun tr\u00e6nger til at komme i en almindelig hverdagsrytme med Magnus, og vi har s\u00f8rget for at du, Camilla, f\u00e5r 10 ugentlige st\u00f8ttetimer, og vi har ogs\u00e5 aftalt at du og Magnus kommer i Unge M\u00f8dregruppen, hvor du kan f\u00e5 st\u00f8tte og m\u00f8de andre unge m\u00f8dre, s\u00e5 jeg g\u00e5r ind for at du kommer hjem, Camilla.<\/p><p>Sygeplejersken sp\u00f8rger Ja, hvad siger du til det, sagsbehandler?<\/p><p>Sagsbehandler siger: Camilla, jeg er bekymret for om det er en god l\u00f8sning at du kommer hjem. Magnus stiller store krav til dig, og selvom din mor gerne vil hj\u00e6lpe og du f\u00e5r st\u00f8tte b\u00e5de af familiekonsulenten og Unge M\u00f8dre, s\u00e5 er jeg i tvivl om det er en god l\u00f8sning for dig og for Magnus. Det er en stor omv\u00e6ltning i dit liv at blive mor, og indtil nu har der v\u00e6ret mange her p\u00e5 sygehuset og din egen mor som har hjulpet til. N\u00e5r du kommer hjem bliver det meget anderledes for dig, s\u00e5 jeg er meget i tvivl om det er en god l\u00f8sning.<\/p><p>Sygeplejersken siger: Jeg kan h\u00f8re du er bekymret, sagsbehandler. Jeg er selv i tvivl om hvad der er den rigtige beslutning lige nu. Vi har l\u00e6rt Camilla og Magnus at kende her p\u00e5 b\u00f8rneafdelingen, og flere af os har talt om at det ville v\u00e6re godt at finde en anden l\u00f8sning end at du kommer hjem, Camilla.<\/p><p>Du har givet udtryk for at du har brug for at der er nogle omkring dig som kan tage vare p\u00e5 Magnus n\u00e5r du f.eks. har brug for at sove. Magnus har brug for omsorg og n\u00e6rv\u00e6r hele tiden n\u00e5r han ikke sover, og derfor vil det v\u00e6re s\u00e5 godt hvis vi kan finde en rigtig god l\u00f8sning for jer begge to.<\/p><p>Men jeg ved ikke om vi kan finde andre l\u00f8sninger \u2013 om der er andre muligheder. Hvad t\u00e6nker du, Camilla?<\/p><p>Camilla siger: Jamen jeg vil bare s\u00e5 gerne hjem. Jeg ved min mor vil hj\u00e6lpe mig, og jeg f\u00e5r familiekonsulenten p\u00e5 bes\u00f8g og skal ogs\u00e5 v\u00e6re med i Unge M\u00f8dre, s\u00e5 jeg tror det kan blive godt, og jeg vil s\u00e5 gerne hjem fra sygehuset og hjem med Magnus.<\/p><p>Familiekonsulenten siger: Ja, Camilla, og jeg er helt sikker p\u00e5 at vi sammen finder ind i et godt samarbejde \u2013 b\u00e5de n\u00e5r jeg kommer p\u00e5 bes\u00f8g hos dig og n\u00e5r du er med i Unge M\u00f8dregruppen, s\u00e5 jeg tror p\u00e5 at det bedste er at du kommer hjem med Magnus \u2013 og du har jo ogs\u00e5 din mor t\u00e6t p\u00e5 n\u00e5r du kommer hjem.<\/p><p>Sygeplejersken sp\u00f8rger: Sagsbehandler, er der andre muligheder end at Camilla skal hjem? Har kommunen andre muligheder at byde ind med? Er det muligt at Camilla for eksempel kan komme p\u00e5 et m\u00f8dre-sp\u00e6dbarnehjem i en periode?<\/p><p>Socialr\u00e5dgiver siger: N\u00e6, vi har jo ikke et m\u00f8dre-sp\u00e6dbarnehjem i kommunen. Selvom jeg er bekymret, kan jeg ikke se at der er grundlag for at g\u00f8re andet end at im\u00f8dekomme Camillas \u00f8nske om at komme hjem og udskrive hende, s\u00e5 jeg t\u00e6nker at det er det vi skal beslutte.<br \/>Her slutter forumteaterinstrukt\u00f8ren grundspillet<br \/>Forumteaterinstrukt\u00f8ren beder nu tilskuerne om at reflektere over det der er spillet, dr\u00f8fte begivenhederne og komme med l\u00f8sningsforslag til andre handlinger. Samtidig opfordres tilskuerne til enten at komme med forslag til andre handlinger til \u00e9n\/flere af skuespillerne eller til at selv at tr\u00e6de ind som skuespiller\/erstatte en af skuespillerne og tage p\u00e5g\u00e6ldendes position p\u00e5 sig.<\/p><p>Det betyder at de skuespillere som ikke erstattes af tilskuere starter med at gentage rollen fra grundspillet, men fordi der er kommet en ny\/flere nye skuespillere med i spillet, vil spillet h\u00f8jst sandsynligt udvikle sig p\u00e5 en anden m\u00e5de. \u00a0Alle skal improvisere og spille en rolle som er anderledes end den der var i grundspillet i forhold til at give svar p\u00e5 det som \u00e9n\/flere skuespillere nu spiller ind med. Herigennem udvikler spillet sig til et nyt spil med et anderledes forl\u00f8b end i grundspillet.<\/p><p>Hvor mange gange spillet skal spilles viser sig i l\u00f8bet af processerne.<\/p>\t\t\t\t\t\t<\/div>\n\t\t\t\t<\/div>\n\t\t\t\t\t<\/div>\n\t\t<\/div>\n\t\t\t\t\t\t\t<\/div>\n\t\t<\/section>\n\t\t\t\t\t\t\t<\/div>\n\t\t","protected":false},"excerpt":{"rendered":"<p>Forumteater Grundspil til Magnus-casen &#8211; I grundspillet indg\u00e5r f\u00f8lgende roller: Sygeplejerske p\u00e5 b\u00f8rneafdelingen Sagsbehandler fra kommunen Familiekonsulent Camilla, mor til Magnus Situation Vi er til&hellip;<\/p>\n","protected":false},"author":1,"featured_media":0,"parent":0,"menu_order":0,"comment_status":"closed","ping_status":"closed","template":"","meta":{"footnotes":""},"class_list":["post-131","page","type-page","status-publish","hentry"],"_links":{"self":[{"href":"https:\/\/nububupt.pha.dk\/index.php?rest_route=\/wp\/v2\/pages\/131","targetHints":{"allow":["GET"]}}],"collection":[{"href":"https:\/\/nububupt.pha.dk\/index.php?rest_route=\/wp\/v2\/pages"}],"about":[{"href":"https:\/\/nububupt.pha.dk\/index.php?rest_route=\/wp\/v2\/types\/page"}],"author":[{"embeddable":true,"href":"https:\/\/nububupt.pha.dk\/index.php?rest_route=\/wp\/v2\/users\/1"}],"replies":[{"embeddable":true,"href":"https:\/\/nububupt.pha.dk\/index.php?rest_route=%2Fwp%2Fv2%2Fcomments&post=131"}],"version-history":[{"count":4,"href":"https:\/\/nububupt.pha.dk\/index.php?rest_route=\/wp\/v2\/pages\/131\/revisions"}],"predecessor-version":[{"id":443,"href":"https:\/\/nububupt.pha.dk\/index.php?rest_route=\/wp\/v2\/pages\/131\/revisions\/443"}],"wp:attachment":[{"href":"https:\/\/nububupt.pha.dk\/index.php?rest_route=%2Fwp%2Fv2%2Fmedia&parent=131"}],"curies":[{"name":"wp","href":"https:\/\/api.w.org\/{rel}","templated":true}]}}