{"id":89,"date":"2023-04-03T10:46:49","date_gmt":"2023-04-03T10:46:49","guid":{"rendered":"https:\/\/nububupt.pha.dk\/?page_id=89"},"modified":"2023-04-04T07:06:29","modified_gmt":"2023-04-04T07:06:29","slug":"oskar","status":"publish","type":"page","link":"https:\/\/nububupt.pha.dk\/?page_id=89","title":{"rendered":"Oskar"},"content":{"rendered":"\t\t<div data-elementor-type=\"wp-page\" data-elementor-id=\"89\" class=\"elementor elementor-89\">\n\t\t\t\t\t\t\t\t\t<section class=\"elementor-section elementor-top-section elementor-element elementor-element-6af58d3 elementor-section-boxed elementor-section-height-default elementor-section-height-default\" data-id=\"6af58d3\" data-element_type=\"section\">\n\t\t\t\t\t\t<div class=\"elementor-container elementor-column-gap-default\">\n\t\t\t\t\t<div class=\"elementor-column elementor-col-33 elementor-top-column elementor-element elementor-element-1d1495b\" data-id=\"1d1495b\" data-element_type=\"column\">\n\t\t\t<div class=\"elementor-widget-wrap elementor-element-populated\">\n\t\t\t\t\t\t\t\t<div class=\"elementor-element elementor-element-b772798 elementor-widget elementor-widget-heading\" data-id=\"b772798\" data-element_type=\"widget\" data-widget_type=\"heading.default\">\n\t\t\t\t<div class=\"elementor-widget-container\">\n\t\t\t<style>\/*! elementor - v3.12.1 - 02-04-2023 *\/\n.elementor-heading-title{padding:0;margin:0;line-height:1}.elementor-widget-heading .elementor-heading-title[class*=elementor-size-]>a{color:inherit;font-size:inherit;line-height:inherit}.elementor-widget-heading .elementor-heading-title.elementor-size-small{font-size:15px}.elementor-widget-heading .elementor-heading-title.elementor-size-medium{font-size:19px}.elementor-widget-heading .elementor-heading-title.elementor-size-large{font-size:29px}.elementor-widget-heading .elementor-heading-title.elementor-size-xl{font-size:39px}.elementor-widget-heading .elementor-heading-title.elementor-size-xxl{font-size:59px}<\/style><h3 class=\"elementor-heading-title elementor-size-default\">Oskar<\/h3>\t\t<\/div>\n\t\t\t\t<\/div>\n\t\t\t\t<div class=\"elementor-element elementor-element-3cfa6d2 elementor-widget elementor-widget-text-editor\" data-id=\"3cfa6d2\" data-element_type=\"widget\" data-widget_type=\"text-editor.default\">\n\t\t\t\t<div class=\"elementor-widget-container\">\n\t\t\t<style>\/*! elementor - v3.12.1 - 02-04-2023 *\/\n.elementor-widget-text-editor.elementor-drop-cap-view-stacked .elementor-drop-cap{background-color:#69727d;color:#fff}.elementor-widget-text-editor.elementor-drop-cap-view-framed .elementor-drop-cap{color:#69727d;border:3px solid;background-color:transparent}.elementor-widget-text-editor:not(.elementor-drop-cap-view-default) .elementor-drop-cap{margin-top:8px}.elementor-widget-text-editor:not(.elementor-drop-cap-view-default) .elementor-drop-cap-letter{width:1em;height:1em}.elementor-widget-text-editor .elementor-drop-cap{float:left;text-align:center;line-height:1;font-size:50px}.elementor-widget-text-editor .elementor-drop-cap-letter{display:inline-block}<\/style>\t\t\t\t<p>\u2013 en skolel\u00e6rers mistanke om seksuelt overgreb p\u00e5 7-\u00e5rig dreng<\/p>\t\t\t\t\t\t<\/div>\n\t\t\t\t<\/div>\n\t\t\t\t<div class=\"elementor-element elementor-element-70c6cbf elementor-widget elementor-widget-heading\" data-id=\"70c6cbf\" data-element_type=\"widget\" data-widget_type=\"heading.default\">\n\t\t\t\t<div class=\"elementor-widget-container\">\n\t\t\t<h4 class=\"elementor-heading-title elementor-size-default\">Direkte akt\u00f8rperspektiver<\/h4>\t\t<\/div>\n\t\t\t\t<\/div>\n\t\t\t\t<div class=\"elementor-element elementor-element-efb3214 elementor-widget elementor-widget-text-editor\" data-id=\"efb3214\" data-element_type=\"widget\" data-widget_type=\"text-editor.default\">\n\t\t\t\t<div class=\"elementor-widget-container\">\n\t\t\t\t\t\t\t<blockquote><p>Lene, Oskars klassel\u00e6rer<\/p><\/blockquote>\t\t\t\t\t\t<\/div>\n\t\t\t\t<\/div>\n\t\t\t\t<div class=\"elementor-element elementor-element-8371b63 elementor-widget elementor-widget-heading\" data-id=\"8371b63\" data-element_type=\"widget\" data-widget_type=\"heading.default\">\n\t\t\t\t<div class=\"elementor-widget-container\">\n\t\t\t<h4 class=\"elementor-heading-title elementor-size-default\">Indirekte akt\u00f8rperspektiver<\/h4>\t\t<\/div>\n\t\t\t\t<\/div>\n\t\t\t\t<div class=\"elementor-element elementor-element-08422ac elementor-widget elementor-widget-text-editor\" data-id=\"08422ac\" data-element_type=\"widget\" data-widget_type=\"text-editor.default\">\n\t\t\t\t<div class=\"elementor-widget-container\">\n\t\t\t\t\t\t\t<blockquote><p>Oskar<\/p><p>Anden l\u00e6rer<\/p><p>Skoleleder<\/p><p>Oskars mor<\/p><p>Oskars far<\/p><p>Politibetjente<\/p><p>Sagsbehandler<\/p><p>Medarbejder i B\u00f8rnehuset<\/p><\/blockquote>\t\t\t\t\t\t<\/div>\n\t\t\t\t<\/div>\n\t\t\t\t<div class=\"elementor-element elementor-element-b3efde7 elementor-widget elementor-widget-heading\" data-id=\"b3efde7\" data-element_type=\"widget\" data-widget_type=\"heading.default\">\n\t\t\t\t<div class=\"elementor-widget-container\">\n\t\t\t<h4 class=\"elementor-heading-title elementor-size-default\">Tv\u00e6rprofessionelle temaer<\/h4>\t\t<\/div>\n\t\t\t\t<\/div>\n\t\t\t\t<div class=\"elementor-element elementor-element-d95f0ec elementor-widget elementor-widget-text-editor\" data-id=\"d95f0ec\" data-element_type=\"widget\" data-widget_type=\"text-editor.default\">\n\t\t\t\t<div class=\"elementor-widget-container\">\n\t\t\t\t\t\t\t<blockquote><p>Observation, dr\u00f8ftelse og h\u00e5ndtering af mistanke om seksuelt overgreb<\/p><p>Ud\u00f8velse af myndighed fra politiet og sagsbehandler<\/p><p>H\u00e5ndtering af for\u00e6ldresamarbejde i situationer med mistanke om overgreb<\/p><p>H\u00e5ndtering af samarbejde med en for\u00e6lder, der ikke taler samme sprog som de professionelle<\/p><p>H\u00e5ndtering af afh\u00f8ring af b\u00f8rn<\/p><\/blockquote>\t\t\t\t\t\t<\/div>\n\t\t\t\t<\/div>\n\t\t\t\t<div class=\"elementor-element elementor-element-6ac0520 elementor-widget elementor-widget-heading\" data-id=\"6ac0520\" data-element_type=\"widget\" data-widget_type=\"heading.default\">\n\t\t\t\t<div class=\"elementor-widget-container\">\n\t\t\t<h4 class=\"elementor-heading-title elementor-size-default\">Didaktiske forslag<\/h4>\t\t<\/div>\n\t\t\t\t<\/div>\n\t\t\t\t<div class=\"elementor-element elementor-element-33a8db0 elementor-widget elementor-widget-text-editor\" data-id=\"33a8db0\" data-element_type=\"widget\" data-widget_type=\"text-editor.default\">\n\t\t\t\t<div class=\"elementor-widget-container\">\n\t\t\t\t\t\t\t<blockquote><p>Rollespil<\/p><p>Vignetmetoden<\/p><\/blockquote>\t\t\t\t\t\t<\/div>\n\t\t\t\t<\/div>\n\t\t\t\t<div class=\"elementor-element elementor-element-d6d2791 elementor-widget elementor-widget-heading\" data-id=\"d6d2791\" data-element_type=\"widget\" data-widget_type=\"heading.default\">\n\t\t\t\t<div class=\"elementor-widget-container\">\n\t\t\t<h4 class=\"elementor-heading-title elementor-size-default\">Lyt til casen<\/h4>\t\t<\/div>\n\t\t\t\t<\/div>\n\t\t\t\t<div class=\"elementor-element elementor-element-9c39b8f elementor-widget elementor-widget-text-editor\" data-id=\"9c39b8f\" data-element_type=\"widget\" data-widget_type=\"text-editor.default\">\n\t\t\t\t<div class=\"elementor-widget-container\">\n\t\t\t\t\t\t\t<audio class=\"wp-audio-shortcode\" id=\"audio-89-1\" preload=\"none\" style=\"width: 100%;\" controls=\"controls\"><source type=\"audio\/mpeg\" src=\"https:\/\/nububupt.pha.dk\/wp-content\/uploads\/2023\/04\/oskar.mp3?_=1\" \/><a href=\"https:\/\/nububupt.pha.dk\/wp-content\/uploads\/2023\/04\/oskar.mp3\">https:\/\/nububupt.pha.dk\/wp-content\/uploads\/2023\/04\/oskar.mp3<\/a><\/audio>\t\t\t\t\t\t<\/div>\n\t\t\t\t<\/div>\n\t\t\t\t\t<\/div>\n\t\t<\/div>\n\t\t\t\t<div class=\"elementor-column elementor-col-66 elementor-top-column elementor-element elementor-element-1aaec8a\" data-id=\"1aaec8a\" data-element_type=\"column\">\n\t\t\t<div class=\"elementor-widget-wrap elementor-element-populated\">\n\t\t\t\t\t\t\t\t<div class=\"elementor-element elementor-element-59b4e9b elementor-widget elementor-widget-heading\" data-id=\"59b4e9b\" data-element_type=\"widget\" data-widget_type=\"heading.default\">\n\t\t\t\t<div class=\"elementor-widget-container\">\n\t\t\t<h3 class=\"elementor-heading-title elementor-size-default\">Oskar \u2013 en f\u00f8lsom dreng i 1. klasse<\/h3>\t\t<\/div>\n\t\t\t\t<\/div>\n\t\t\t\t<div class=\"elementor-element elementor-element-71428a6 elementor-widget elementor-widget-text-editor\" data-id=\"71428a6\" data-element_type=\"widget\" data-widget_type=\"text-editor.default\">\n\t\t\t\t<div class=\"elementor-widget-container\">\n\t\t\t\t\t\t\t<p>Oskar g\u00e5r i 1. klasse p\u00e5 en folkeskole. Oskar er lille fysisk, hans far er dansk, og hans mor er indvandrer. For\u00e6ldrene er skilt og har f\u00e6lles for\u00e6ldremyndighed over Oskar. Oskar bor hos sin mor og er hos sin far hver anden weekend. Oskars mor har vanskeligheder med det danske sprog, og skolens for\u00e6ldresamarbejde med hende foreg\u00e5r ved brug af tolk.<\/p><p>Lene er Oskars klassel\u00e6rer og har v\u00e6ret l\u00e6rer p\u00e5 skolen i en del \u00e5r. Lene har observeret at Oskar er sensitiv. Hvis et af de andre b\u00f8rn fx f\u00e5r skubbet til hans blyant, kan han bryde helt sammen. Lene t\u00e6nker at Oskar er en ret f\u00f8lsom dreng, men samtidig ser hun ogs\u00e5 at han kan v\u00e6re verbalt voldsom over for de andre b\u00f8rn i klassen. SFO\u2019en beretter ikke om noget uds\u00e6dvanligt.<\/p>\t\t\t\t\t\t<\/div>\n\t\t\t\t<\/div>\n\t\t\t\t<div class=\"elementor-element elementor-element-c3fc59d elementor-widget elementor-widget-heading\" data-id=\"c3fc59d\" data-element_type=\"widget\" data-widget_type=\"heading.default\">\n\t\t\t\t<div class=\"elementor-widget-container\">\n\t\t\t<h4 class=\"elementor-heading-title elementor-size-default\">Oskars weekend<\/h4>\t\t<\/div>\n\t\t\t\t<\/div>\n\t\t\t\t<div class=\"elementor-element elementor-element-a7fa522 elementor-widget elementor-widget-text-editor\" data-id=\"a7fa522\" data-element_type=\"widget\" data-widget_type=\"text-editor.default\">\n\t\t\t\t<div class=\"elementor-widget-container\">\n\t\t\t\t\t\t\t<p>En mandag har klassen en samtalerunde om weekenden. Denne dag er der to l\u00e6rere i klassen. Samtalen drejer sig om hvad man laver i weekenden og hvad man laver sammen med sine for\u00e6ldre. Oskar fort\u00e6ller at hans mor l\u00e6gger sig oven p\u00e5 ham og \u201dg\u00f8r s\u00e5dan her\u201d (her laver Oskar bollebev\u00e6gelser) og forts\u00e6tter med at fort\u00e6lle at \u201ds\u00e5 f\u00e5r mor stjerner i \u00f8jnene\u2026\u201d L\u00e6rerne ser p\u00e5 hinanden, og Lene tager fat i Oskar og tager ham med ud for at f\u00e5 ham til at uddybe sin fort\u00e6lling. Her fort\u00e6ller Oskar at mor tager ham p\u00e5 tissemanden og p\u00e5 numsen, at mor har et billede af hans tissemand, og han har et billede af mors tissekone nede i k\u00e6lderen. Oskar siger at det er en hemmelighed, og at han og mor ikke m\u00e5 sige det til nogen.<\/p>\t\t\t\t\t\t<\/div>\n\t\t\t\t<\/div>\n\t\t\t\t<div class=\"elementor-element elementor-element-2c6cb09 elementor-widget elementor-widget-heading\" data-id=\"2c6cb09\" data-element_type=\"widget\" data-widget_type=\"heading.default\">\n\t\t\t\t<div class=\"elementor-widget-container\">\n\t\t\t<h4 class=\"elementor-heading-title elementor-size-default\">Underretning og ventetid<\/h4>\t\t<\/div>\n\t\t\t\t<\/div>\n\t\t\t\t<div class=\"elementor-element elementor-element-a589be5 elementor-widget elementor-widget-text-editor\" data-id=\"a589be5\" data-element_type=\"widget\" data-widget_type=\"text-editor.default\">\n\t\t\t\t<div class=\"elementor-widget-container\">\n\t\t\t\t\t\t\t<p>Lene beslutter sammen med sin kollega at lave en underretning til B\u00f8rne- og Ungeforvaltningen, og skolens leder s\u00f8ger for at den bliver sendt afsted. Lene og hendes kollega f\u00e5r at vide af skolens leder at n\u00e5r det er en sag af den karakter, m\u00e5 de ikke snakke mere med barnet om det. Det er ikke klart for Lene hvad den juridiske baggrund for forbuddet er, eller om forbuddet kommer fra skolederen, politiet eller B\u00f8rne- og Ungeforvaltningen.<\/p><p>Derefter g\u00e5r der lang tid hvor hverken Lene eller skolens leder h\u00f8rer videre om sagen. Lene bliver ret frustreret over det og f\u00e5r skolens leder til at kontakte B\u00f8rne- og Ungeforvaltningen for at h\u00f8re hvor langt man er n\u00e5et med sagsbehandlingen. Sagsbehandleren kan ikke oplyse noget eller svare konkret. Hun har politianmeldt sagen for l\u00e6nge siden og afventer nu at blive kontaktet af politiet. Hun vil dog rykke politiet.<\/p><p>Der er nu g\u00e5et et halvt \u00e5r siden l\u00e6rerne fik kendskab til at Oskar m\u00e5ske uds\u00e6ttes for seksuelle overgreb, og siden de har sendt underretning til forvaltningen. Lene observerer at Oskar bliver mere og mere ked af det. Han er blevet meget opm\u00e6rksom p\u00e5 ikke at f\u00e5 beskidte fingre n\u00e5r klassen fx skal klippe og klistre. Lene observerer at Oskar i stigende grad putter fingre i munden og sutter p\u00e5 dem. Oskar er begyndt at sige flere gr\u00e6nseoverskridende ting til de andre b\u00f8rn, som fx: \u201dSkal jeg sutte p\u00e5 din tissemand?\u201d Oskar tegner ogs\u00e5 en tegning i billedkunst af en voksen mand og et barn. Manden har en stor tissemand, og der kommer noget ud af tissemanden. Lene beslutter sig for at lave endnu en underretning. Hun h\u00f8rer ingenting og kontakter igen sin leder. Skolelederen forst\u00e5r ikke hvorfor der ikke sker noget i Oskars sag og beslutter sig for at kontakte skolechefen i kommunen for at bede om hj\u00e6lp.<\/p>\t\t\t\t\t\t<\/div>\n\t\t\t\t<\/div>\n\t\t\t\t<div class=\"elementor-element elementor-element-b278687 elementor-widget elementor-widget-heading\" data-id=\"b278687\" data-element_type=\"widget\" data-widget_type=\"heading.default\">\n\t\t\t\t<div class=\"elementor-widget-container\">\n\t\t\t<h4 class=\"elementor-heading-title elementor-size-default\">L\u00e6rerens samarbejde med politiet<\/h4>\t\t<\/div>\n\t\t\t\t<\/div>\n\t\t\t\t<div class=\"elementor-element elementor-element-22b4546 elementor-widget elementor-widget-text-editor\" data-id=\"22b4546\" data-element_type=\"widget\" data-widget_type=\"text-editor.default\">\n\t\t\t\t<div class=\"elementor-widget-container\">\n\t\t\t\t\t\t\t<p>Kort herefter bliver Lene kontaktet af politiet. Politibetjenten siger til Lene at han er ked af at det har taget s\u00e5 lang tid, men at han vil tage ud for at tale med for\u00e6ldrene inden for en uge. Ugen efter bliver der afholdt et m\u00f8de hvor Lene, skolelederen og betjenten deltager. Til dette m\u00f8de bliver Lene bedt om at uddybe sin underretning. Betjenten tager derefter ud for at tale med for\u00e6ldrene. Da betjenten ikke kan skaffe en tolk, v\u00e6lger han kun at bes\u00f8ge faren. Ugen efter har Lene igen et m\u00f8de med betjenten, der fort\u00e6ller at han har bes\u00f8gt faren, og at han er en fornuftig mand. Betjenten mener ikke at der er noget at komme efter d\u00e9r. Betjenten mener dog at der skal etableres en videoafh\u00f8ring af Oskar for at unders\u00f8ge mistanke om overgreb fra moderens side. Betjenten fort\u00e6ller at han selv har meget travlt, og at han derfor overgiver sagen til en kollega.<\/p>\t\t\t\t\t\t<\/div>\n\t\t\t\t<\/div>\n\t\t\t\t<div class=\"elementor-element elementor-element-71cc49c elementor-widget elementor-widget-heading\" data-id=\"71cc49c\" data-element_type=\"widget\" data-widget_type=\"heading.default\">\n\t\t\t\t<div class=\"elementor-widget-container\">\n\t\t\t<h4 class=\"elementor-heading-title elementor-size-default\">Videoafh\u00f8ring i b\u00f8rnehuset<\/h4>\t\t<\/div>\n\t\t\t\t<\/div>\n\t\t\t\t<div class=\"elementor-element elementor-element-c50a0b2 elementor-widget elementor-widget-text-editor\" data-id=\"c50a0b2\" data-element_type=\"widget\" data-widget_type=\"text-editor.default\">\n\t\t\t\t<div class=\"elementor-widget-container\">\n\t\t\t\t\t\t\t<p>Lenes leder bliver kontaktet ugen efter af en betjent fra en by der ligger ca.100 km v\u00e6k, som fort\u00e6ller at de vil lave en videoafh\u00f8ring af Oskar i det n\u00e6rmeste b\u00f8rnehus, der ligge omkring 60 km v\u00e6k. Han sp\u00f8rger om der er en voksen der kan tage med Oskar. Lene bliver bedt om at tage med. Lene f\u00e5r oplyst tidspunktet for afh\u00f8ringen og at dette tidspunkt er hemmeligt for andre. Dagen hvor afh\u00f8ringen skal foreg\u00e5, er Oskar i skole. Skolens leder ringer derfor til sagsbehandleren og politiet og oplyser at man er klar p\u00e5 skolen. En time efter tager Lene Oskar med over p\u00e5 lederens kontor, hvor sagsbehandleren og en politibetjent venter. Betjenten og sagsbehandleren siger til Oskar at de skal en tur i b\u00f8rnehuset. Det vil Oskar ikke. Lene siger at hun tager med, og at det ikke er farligt. Oskar ved ikke noget om hvad der skal ske.<\/p><p>Lene, Oskar og sagsbehandleren k\u00f8rer i \u00e9n bil, og betjenten k\u00f8rer i anden. Betjenten fors\u00f8ger undervejs at kontakte Oskars mor for at indhente en tilladelse fra hende. Det lykkes ikke, s\u00e5 politiet fors\u00f8ger at kontakte Oskars far. Det lykkes heller ikke da han er taget p\u00e5 ferie. Da bilen med Oskar, Lene og sagsbehandleren er n\u00e5et halvvejs, k\u00f8rer de ind til siden fordi det er uklart om man kan f\u00e5 tilladelse af for\u00e6ldrene, eller om der skal indhentes en dommerkendelse. Det er usikkert om man kan n\u00e5 at f\u00e5 en dommerkendelse samme dag. Oskar sp\u00f8rger til hvad de skal, og Lene leger med ham med en bamse. Efter en halv time bliver sagsbehandleren kontaktet af politiet der oplyser at de har f\u00e5et kontakt med Oskars mor, men det har ikke v\u00e6ret muligt at skaffe en tolk, s\u00e5 man er ikke sikker p\u00e5 at hun har forst\u00e5et hvad der er blevet sagt \u2013 men hun har sagt at de gerne m\u00e5 tage Oskar med.<\/p>\t\t\t\t\t\t<\/div>\n\t\t\t\t<\/div>\n\t\t\t\t<div class=\"elementor-element elementor-element-8796346 elementor-widget elementor-widget-heading\" data-id=\"8796346\" data-element_type=\"widget\" data-widget_type=\"heading.default\">\n\t\t\t\t<div class=\"elementor-widget-container\">\n\t\t\t<h4 class=\"elementor-heading-title elementor-size-default\">I b\u00f8rnehuset<\/h4>\t\t<\/div>\n\t\t\t\t<\/div>\n\t\t\t\t<div class=\"elementor-element elementor-element-5cf0023 elementor-widget elementor-widget-text-editor\" data-id=\"5cf0023\" data-element_type=\"widget\" data-widget_type=\"text-editor.default\">\n\t\t\t\t<div class=\"elementor-widget-container\">\n\t\t\t\t\t\t\t<p>I b\u00f8rnehuset er der mange aktiviteter, der er voksne og b\u00f8rn, telefoner, der ringer, og d\u00f8re der g\u00e5r op og i. Lene og Oskar bliver vist ind i et rum af en af de voksne, og de f\u00e5r at vide at Oskar skal tale med en fra b\u00f8rnehuset og samtalen bliver optaget p\u00e5 video. Sagsbehandleren og en fra b\u00f8rnehuset kommer, og Lene bliver bedt om at vente udenfor. Da videoafh\u00f8ringen er slut, bliver Lene og Oskar k\u00f8rt hjem til skolen af sagsbehandleren. P\u00e5 skolens parkeringsplads st\u00e5r Oskars mor. Hun er meget forvirret og kan ikke rigtig forst\u00e5 hvor de har v\u00e6ret henne, men tror at de har v\u00e6ret et sted henne og lege. Oskar er ogs\u00e5 helt forvirret og tager med sin mor hjem.<\/p>\t\t\t\t\t\t<\/div>\n\t\t\t\t<\/div>\n\t\t\t\t<div class=\"elementor-element elementor-element-21be21d elementor-widget elementor-widget-heading\" data-id=\"21be21d\" data-element_type=\"widget\" data-widget_type=\"heading.default\">\n\t\t\t\t<div class=\"elementor-widget-container\">\n\t\t\t<h4 class=\"elementor-heading-title elementor-size-default\">Tiden efter videoafh\u00f8ringen<\/h4>\t\t<\/div>\n\t\t\t\t<\/div>\n\t\t\t\t<div class=\"elementor-element elementor-element-5fe8f95 elementor-widget elementor-widget-text-editor\" data-id=\"5fe8f95\" data-element_type=\"widget\" data-widget_type=\"text-editor.default\">\n\t\t\t\t<div class=\"elementor-widget-container\">\n\t\t\t\t\t\t\t<p>Efter en uge bliver Lene indkaldt til m\u00f8de med sagsbehandleren, der fort\u00e6ller at det havde v\u00e6ret meget sv\u00e6rt at afh\u00f8re Oskar da han havde v\u00e6ret meget utryg, havde kravlet rundt p\u00e5 gulvet og havde pr\u00f8vet at lege med de bamser der var i rummet.<\/p><p>Lene f\u00e5r at vide at klassens l\u00e6rere igen skal observere Oskar, og at de nu godt m\u00e5 sp\u00f8rge ind til Oskars fort\u00e6llinger og bede ham om at uddybe.<\/p><p>Efter 14 dage kommer Oskars far og vil tale med Lene og sp\u00f8rger, \u201dHvad fanden er det, I har lavet med min dreng\u2026?\u201d Oskars far siger til Lene at hun har \u00f8delagt Oskars liv, og at hun skal vide at der fra nu af er \u00e9n der holder \u00f8je med hende. Lene f\u00e5r faren op p\u00e5 skolelederens kontor. Skolelederen siger til Oskars far at skolen ikke kan fort\u00e6lle noget da for\u00e6ldrene er skilt, og beder ham om at kontakte sagsbehandleren. Lene synes det er en m\u00e6rkelig situation da faren jo ogs\u00e5 har v\u00e6ret mist\u00e6nkt i forbindelse med tegningen fra billedkunst.<\/p><p>Sagsbehandleren fort\u00e6ller Oskars far hvad der er sket, og Oskars far s\u00f8ger \u00f8jeblikkeligt fuld for\u00e6ldremyndighed over Oskar og f\u00e5r tilkendt det i Statsforvaltningen.<\/p><p>Oskar g\u00e5r stadig i Lenes klasse. Han er meget trist og gr\u00e6der ofte. Han deltager ikke i de faglige aktiviteter og vil kun lege. Oskar vil ikke tale med Lene n\u00e5r han gr\u00e6der, og vil ikke fort\u00e6lle hende noget. Oskar ser sin mor en gang om m\u00e5neden fra fredag til l\u00f8rdag. Lene ved ikke, om sagen er lukket, men synes stadig der er tale om en dreng i mistrivsel. Lene er derfor meget opm\u00e6rksom p\u00e5 Oskar og er nerv\u00f8s for hvad der sker med ham. Lenes samarbejde med Oskars far er blevet belastet, og hun har altid en ledelsesrepr\u00e6sentant med n\u00e5r der skal holdes m\u00f8der. Oskars mor kommer stadig til sociale arrangementer p\u00e5 skolen. Lene er ikke sikker p\u00e5 at moren har forst\u00e5et hvad der er sket.<\/p>\t\t\t\t\t\t<\/div>\n\t\t\t\t<\/div>\n\t\t\t\t\t<\/div>\n\t\t<\/div>\n\t\t\t\t\t\t\t<\/div>\n\t\t<\/section>\n\t\t\t\t\t\t\t<\/div>\n\t\t","protected":false},"excerpt":{"rendered":"<p>Oskar \u2013 en skolel\u00e6rers mistanke om seksuelt overgreb p\u00e5 7-\u00e5rig dreng Direkte akt\u00f8rperspektiver Lene, Oskars klassel\u00e6rer Indirekte akt\u00f8rperspektiver Oskar Anden l\u00e6rer Skoleleder Oskars mor Oskars&hellip;<\/p>\n","protected":false},"author":1,"featured_media":0,"parent":0,"menu_order":0,"comment_status":"closed","ping_status":"closed","template":"","meta":{"footnotes":""},"class_list":["post-89","page","type-page","status-publish","hentry"],"_links":{"self":[{"href":"https:\/\/nububupt.pha.dk\/index.php?rest_route=\/wp\/v2\/pages\/89","targetHints":{"allow":["GET"]}}],"collection":[{"href":"https:\/\/nububupt.pha.dk\/index.php?rest_route=\/wp\/v2\/pages"}],"about":[{"href":"https:\/\/nububupt.pha.dk\/index.php?rest_route=\/wp\/v2\/types\/page"}],"author":[{"embeddable":true,"href":"https:\/\/nububupt.pha.dk\/index.php?rest_route=\/wp\/v2\/users\/1"}],"replies":[{"embeddable":true,"href":"https:\/\/nububupt.pha.dk\/index.php?rest_route=%2Fwp%2Fv2%2Fcomments&post=89"}],"version-history":[{"count":7,"href":"https:\/\/nububupt.pha.dk\/index.php?rest_route=\/wp\/v2\/pages\/89\/revisions"}],"predecessor-version":[{"id":370,"href":"https:\/\/nububupt.pha.dk\/index.php?rest_route=\/wp\/v2\/pages\/89\/revisions\/370"}],"wp:attachment":[{"href":"https:\/\/nububupt.pha.dk\/index.php?rest_route=%2Fwp%2Fv2%2Fmedia&parent=89"}],"curies":[{"name":"wp","href":"https:\/\/api.w.org\/{rel}","templated":true}]}}